= -2*p**3 - 4*p**2 - p + 3. Let a(v) = -3*c(v) - 2*l(v). Suppose 65*z = 73*z - 32. What is a(z)?
-4
Let s(o) = 2*o**2 + 3*o - 15. Let w(j) = -j**2 + 7*j + 194. Let a be w(18). Calculate s(a).
5
Suppose -3*c - 24 = -75. Let b(t) = 6 - c + 5*t + 8 + 5 + t**2. Give b(-4).
-2
Let i(g) = 22*g. Let q(o) = 89*o. Let z(p) = 9*i(p) - 2*q(p). Give z(1).
20
Let g(v) = 17*v + 16. Let i(u) = -31*u - 29. Let f(z) = -11*g(z) - 6*i(z). What is f(-10)?
8
Let w = 70 - 66. Let a(b) = -24*b**2 + 0*b + 15*b**2 + b**3 + w - 5*b - 6*b. Calculate a(10).
-6
Let t(b) = -b + 22. Suppose 15*w + 170 - 35 = 0. What is t(w)?
31
Let z(v) = 27*v**2 - 2*v + 1. Let x = -76 - -77. Determine z(x).
26
Let c(a) be the second derivative of a**4/4 + a**3/3 + 5*a**2/2 + 35*a. Let f(h) = -7*h**2 - 5*h - 11. Let k(x) = 9*c(x) + 4*f(x). Calculate k(-4).
-7
Suppose -13 = -g + 2*h, -13 = g + 4*h + 4. Let j(z) be the first derivative of -4*z + z**2 - 3 - 1/3*z**3. Calculate j(g).
-7
Let k(j) = 14*j**3 - 36*j**2 + 5*j + 22. Let p(v) = -5*v**3 + 12*v**2 - 2*v - 7. Let n(f) = 4*k(f) + 11*p(f). Calculate n(12).
-13
Suppose 0 = 10*z - 5*z - 245. Let i = 50 - z. Let k(l) = 7*l - 1. What is k(i)?
6
Let r = 75 - 73. Let p(b) = 34*b**2 - b - 15*b**r - 27*b**2 - 1. Determine p(-1).
-8
Suppose -4*y + 72 + 64 = 0. Suppose 6*i = -2*z + 4*i + 14, 5*z = -4*i + 31. Let o(s) = -36*s - 3*s**2 + y*s - 4*s**z + s**2 - 1. What is o(-1)?
3
Let d(b) = 125*b**2 + b**3 + 4*b - 252*b**2 + 3 + 120*b**2. Give d(5).
-27
Let o(d) = -4*d**2 + 8*d - 8. Let m(i) = i**2 - i + 1. Let p(r) = 3*m(r) + o(r). Let v be -3 - -8*9/(-6). Let n = v - -20. What is p(n)?
-5
Suppose -2*s - 7 = -3. Let i(b) be the third derivative of -b**6/720 - 3*b**4/4 - 11*b**2. Let d(o) be the second derivative of i(o). Give d(s).
2
Let l(t) = -5*t**2 - 4*t + 1. Let o(s) = s**2 - 1. Let z(c) = -5*c**2 - 4*c + 1. Let r(p) = -o(p) - z(p). Let n(f) = 3*l(f) + 4*r(f). Determine n(-2).
-1
Let y(d) = d**2 - 5*d - 1. Let i = 50 - 48. Suppose -4*g - 4*l + 17 = -3*l, 0 = -i*l + 2. Determine y(g).
-5
Suppose 2*a = 4*r - 4, -2 = -a - 0. Let p(n) = -1 + r - 5*n**2 + 13*n**2. Suppose -2*b + 4*b = 10, 24 = 4*k + 4*b. What is p(k)?
9
Suppose 2*c - 133 = -135. Let j(m) = 7*m**2. What is j(c)?
7
Let g(y) = y**2 - 12*y - 8. Let w = 271 + -259. What is g(w)?
-8
Suppose -15*w = 76 + 104. Let a(q) = q**2 + 12*q + 15. Calculate a(w).
15
Let g(c) = -2*c - 1. Let v be g(-2). Let m(l) = -5 + 7 + 2*l - v - l**2. Determine m(2).
-1
Suppose -3*u = 3*v + 24, 3*v = -v - 2*u - 22. Let k(o) = o**2 - o - 4. Give k(v).
8
Let w(i) = 20*i + 6. Let q be w(0). Let k(c) = -c + 7. Determine k(q).
1
Let m(f) = -3*f**2 - 4*f - 3. Suppose 15 = 48*y - 53*y. Calculate m(y).
-18
Let p(d) = -7*d**3 - 10*d + 9. Let r(z) = 8*z**3 - z**2 + 11*z - 10. Suppose k - 3 = 3. Let m(v) = k*r(v) + 7*p(v). Determine m(-4).
-13
Let w be (-72)/28 + 3/(-7). Let m(l) = -5*l - 3*l - l**2 - 7*l + 13*l + 2. Calculate m(w).
-1
Let c(g) be the third derivative of 0*g - 19*g**2 + 1/60*g**5 + 0 + 1/12*g**4 + 2/3*g**3. Determine c(-3).
7
Let t(c) = c**2 - 9*c - 8. Let d be (-2)/(-3)*12/8. Suppose -16 + d = 5*n. Let p(o) = -2*o**2 + 10*o + 8. Let k(i) = n*t(i) - 2*p(i). What is k(-6)?
2
Let m = 137 + -137. Let r(t) = t**2 + 19. Calculate r(m).
19
Let k(w) = -4*w**2 + 28 - 3*w + 3*w**2 - 3*w - 21. Give k(-7).
0
Let q(d) = 3*d + 4 - 3 - d. Let r be q(-3). Let c = -6 - r. Let i(o) = 4*o**2 - 1. Determine i(c).
3
Let h(r) be the third derivative of r**7/840 + r**6/60 + r**5/30 + r**4/12 + 11*r**3/6 - 20*r**2. Let x(g) be the first derivative of h(g). Calculate x(-6).
-22
Suppose 3*s - 8 = 1, -3*q - 5*s = -12. Let l(t) = t**3 - t - 1. Determine l(q).
-1
Let y be 342/(-63) - -7 - 3/(-7). Let u(p) be the third derivative of -3*p**y + 0*p + 1/6*p**3 + 0 + 1/24*p**4. Calculate u(3).
4
Let a(l) = -134*l**3 + 63*l**3 + 66*l**3. Determine a(1).
-5
Let k(r) = 10 - 9*r + 0 + 11*r + 1. Determine k(8).
27
Let w = 127 - 115. Suppose 0 = -4*s - 23 - 17. Let o = w + s. Let d(j) = -3*j**2 + j - 1. Calculate d(o).
-11
Let c be 90/(-20) + 3/2. Let y be c/12 + (-33)/(-4). Let r(f) = -7*f**2 - 12*f - 6. Let k(h) = -9*h**2 - 13*h - 6. Let x(m) = 4*k(m) - 5*r(m). Give x(y).
6
Let q(v) = -3*v + 3. Let k(s) = -3*s + 4. Let u(c) = -2*k(c) + 3*q(c). Suppose -3*x + 13 = 4. What is u(x)?
-8
Let s(a) be the second derivative of -a**4/12 + a**3/3 + 3*a**2/2 - 122*a. What is s(0)?
3
Let b(g) = 2*g**3 + g**2 - 2*g - 2. Let v be (-4)/(-22) + 265/55. Suppose 3*q + 1 = -v*i, 3 = 2*i + i. Give b(q).
-10
Let z(f) = f**2 - 7*f + 4. Let m = -666 + 672. Determine z(m).
-2
Let l(n) = 1 + n + 2*n - n. Suppose 3*b + 11*o - 23 = 6*o, 9 = -3*b + 3*o. Let x(m) = -3*m**3 - m**2 + 2*m. Let g be x(b). What is l(g)?
-3
Let z(y) = 4*y - 6. Suppose 5*t = 27 - 12. Suppose -t*k - 1 = -a - a, -k + 3 = 0. What is z(a)?
14
Let z(n) = -n**2 - 4*n - 4. Let r(a) = a - 1. Let g be r(-6). Let p be 3/(-7)*(54/(-6) - -2). Let x = g + p. Calculate z(x).
-4
Let l = -50 - 74. Let t = l - -124. Let d(w) = -w**3 - w**2 + 5. Determine d(t).
5
Let l(y) = -1109 + 2233 + 12*y - 1109 + y**2. What is l(-10)?
-5
Let o(j) be the third derivative of -j**6/120 - 7*j**5/60 - 7*j**4/24 + j**3/6 + j**2. Calculate o(-6).
7
Suppose 0*r - 4 = -3*i - 2*r, -3*r = 3. Let s(a) = -8 - 5*a**2 + 3*a + a + 3 + 3. Give s(i).
-14
Let f(t) = -t**3 - 9*t**2 - 9*t - 2. Let w be f(-8). Let l(y) = y - 15. Let o(n) = 2. Let q(r) = -l(r) - 2*o(r). Determine q(w).
5
Let a(f) be the first derivative of 1/4*f**4 - 1/2*f**2 + 0*f**3 - 9 + 0*f. Calculate a(-1).
0
Let o(r) = 14*r**2 - r - 1. Let f = -441 + 440. Determine o(f).
14
Let o be 231/112 + 13/(-208). Let p(l) be the second derivative of 5*l**4/12 - l**3/6 - l. What is p(o)?
18
Let r be (-22)/(-33)*(-6)/(-4). Let m(v) = -r + 37*v + 0 + 2 - 44*v. Give m(-1).
8
Let i(q) = -q**2 - 9*q. Let c(u) = 5*u + 137. Let x be c(-29). What is i(x)?
8
Let v(k) = k**3 - 7*k**2 + 7*k - 6. Let w = -58 + 55. Let u(o) = -7*o - 15. Let p be u(w). What is v(p)?
0
Let u(f) = 2*f + 4. Let m(q) = -q - 26. Let j be m(-14). Let i be (-4 - j/4)/(2/(-10)). Determine u(i).
14
Let x(w) = -2*w + 6. Let k(t) = t - 1. Let o(j) = -k(j) - x(j). Let f = -48 - -44. Let a be (-2)/f - (-54)/12. What is o(a)?
0
Let m = -868 + 858. Let x(q) = -q**2 - 11*q. Give x(m).
10
Let c(g) = -5*g + 2. Let n(l) = 0*l + 0*l + 0*l - 13 + 2*l. Let i be n(6). Let u = i + 3. Give c(u).
-8
Let j(s) be the third derivative of s**5/15 + s**4/24 + s**3/3 - s**2 - 5*s. Determine j(2).
20
Let t(b) be the first derivative of b**2/2 + 8*b - 1. Let a be (-4)/(-2) - -1 - -29. Suppose -5*i = -4*q - 7 - a, -15 = 3*q + i. Calculate t(q).
2
Suppose -2*x = -3*t - 76, t - 5*t = -x + 43. Let z(h) = -74*h + x*h + 40*h - 10. Give z(8).
-2
Suppose 5*c - 2*y + 21 = y, 0 = -4*c - 4*y - 4. Let m(l) = -2*l**2 - 3*l - 4. Calculate m(c).
-13
Let f(j) = 5*j**3 - 3*j**2 - j - 4. Let h(x) = -x**3 - 3*x**3 + 4 + 2*x + 2*x**2 + 0*x. Let c(k) = -3*f(k) - 4*h(k). What is c(-3)?
-7
Let o(t) = 2*t + 23. Let h be o(5). Let w be (-6)/(-48) + h/(-8). Let p(k) = k + 8. Determine p(w).
4
Let b be -2*(3/6 + 0). Let g(w) be the first derivative of 2*w - 3 + w**2 - 3*w + w**2. Give g(b).
-5
Let u(r) = r**3 + 6*r**2 - 13*r + 28. Let m be u(-8). Let a(q) = q**3 - 3*q**2 - 2*q. Calculate a(m).
8
Let m(d) = d + 7. Let c(n) = -6 + 2 - 6*n + 3*n + n**2. Let q be c(4). Determine m(q).
7
Let r(k) = 15*k**3 + 15*k**2 - 2*k - 15. Let f(u) = 7*u**3 + 7*u**2 - u - 7. Let b(o) = -13*f(o) + 6*r(o). Give b(1).
0
Let q(o) = -24*o**2 + o + 1. Let k be q(-1). Let h = k - -28. Let n(z) = -5*z - 7. Let l(s) = -14*s - 20. Let b(m) = -6*l(m) + 17*n(m). Give b(h).
-3
Let t(l) = -2*l + 4. Let q(u) be the third derivative of u**6/120 - 2*u**5/15 + 7*u**4/24 - u**3/2 + 9*u**2. Let j be q(7). What is t(j)?
10
Let i(a) = 2*a + 4. Let h(l) = 9*l + 15. Let u(y) = h(y) - 2*i(y). Give u(-2).
-3
Let q(n) = n**2 + 6*n + 7. Let l(c) = 12*c - 65. Let v be l(5). Give q(v).
2
Suppose -17 = -4*g - 5. Let s(o) = 19*o + 2. Let d(m) = -9*m - 1. Let y(n) = g*s(n) + 7*d(n). Let x be -4*(-2 + (-6)/(-4)). Calculate y(x).
-13
Let l(q) = q**3 - q**2 + 4*q - 2. Let r be l(1). Let z(m) = -r*m - 15 + 3*m - 17 + 30. Determine z(-7).
-9
Let u(q) = q**2 + q - 6. Let o(j) = -7*j**2 - 9*j + 50. Let z(x) = -o(x) - 6*u(x). Gi